/72. What is the highest common factor of w and 1?
1
Suppose -12 - 2 = -2*h. Suppose -t - y = -3*y + 3, -16 = -4*y. Suppose 0 = 4*r + 5*i - 45, -4*i - t = 2*r - h*i. What is the greatest common factor of r and 35?
5
Suppose -4*b = -5 - 7, -6 = k + 2*b. Let y be 16/k*(-495)/10. Calculate the greatest common divisor of 44 and y.
22
Let n = 469 + -467. Calculate the greatest common factor of n and 9.
1
Let b(i) = i**2 - 2. Let l be b(-3). Let t = 10 + l. What is the highest common divisor of 255 and t?
17
Let j be 7204/16 - (-1 + (-15)/(-12)). What is the greatest common factor of j and 72?
18
Let p(o) = -o**2 - 6*o - 1. Let f be p(-5). Suppose 0 = f*u - 62 - 66. Let n = u + -19. What is the greatest common divisor of 39 and n?
13
Let b be (-2 + -15 - 1)*(-14)/21. Let m(u) = 6*u**2 - 36*u - 3. Let v be m(b). Calculate the greatest common factor of v and 39.
39
Let p = -1588 - -1874. What is the highest common factor of p and 234?
26
Let r be 6/15*(-210)/(-7). Calculate the greatest common divisor of 54 and r.
6
Let h = 8 + -6. Suppose -5*z = -2*g - 56, h*z + 2*g - 35 = -7. Let i be 78/z + 2/4. What is the greatest common divisor of 28 and i?
7
Suppose 2*t - 74 = -z + 3*z, -155 = -5*t - z. What is the greatest common factor of t and 184?
8
Suppose 54 = -2*k - 0*k. Let n = 47 + k. Suppose 2*t - 3*s = -9 + 32, 2*s = t - 12. Calculate the greatest common divisor of t and n.
10
Suppose 0 = -9*l + 35 + 73. Suppose 0 = 5*s - 77 - 13. What is the highest common factor of l and s?
6
Let x(b) = -b**3 + 12*b**2 + 3*b + 4. Suppose -o + 38 = 3*v, 3*v - o + 3*o = 40. Let t be x(v). What is the highest common factor of 60 and t?
20
Let u = 725 - 698. What is the greatest common divisor of u and 36?
9
Let o be (-44)/6 + (-8)/12. Let m be (-2)/o + (-54)/24. Let v(l) = -10*l**3 + 3*l + 3. Let n be v(m). What is the greatest common factor of 7 and n?
7
Let m = -1126 - -1747. What is the greatest common factor of m and 138?
69
Let z be 4/10 - (-12)/(-30). Suppose -2*a + u + 33 = z, 6*a + u = a + 100. Calculate the highest common factor of a and 114.
19
Suppose -3*q + 12 + 6 = 0. What is the highest common factor of 38 and q?
2
Suppose 0*z = -3*z + 6. Let n(c) = c**3 - 2*c**2 + 3*c - 1. Let l be n(z). Suppose -3 = l*a - 63. Calculate the highest common divisor of a and 48.
12
Let f = -2485 + 4146. What is the greatest common divisor of 11 and f?
11
Let a be (-374)/(-14) + 6/21. Suppose 0 = -j + 17 + a. Suppose 15*p - 12*p + 5*v - 23 = 0, 5*p - 5*v - 65 = 0. Calculate the greatest common divisor of j and p.
11
Let y = -29 - -70. Suppose x + y = 216. Calculate the highest common divisor of x and 70.
35
Suppose 0 = 40*j - 37*j - 36. What is the highest common divisor of j and 324?
12
Suppose -59 = -7*p - 17. Suppose -3*o - 9 = 0, l + 0*o = 3*o + 14. Suppose l*r + 7 = c + 4*r, -2*c + 29 = r. What is the greatest common factor of c and p?
6
Suppose -5*j - 28 = -6*j - s, -118 = -4*j - s. What is the highest common factor of 18 and j?
6
Let m(u) = -u**2 + 7*u + 3. Let l be m(7). Suppose 2*i = 3*w + 8, -i - 4*w + 22 = i. Suppose i*y - l = 6*y. What is the greatest common factor of 2 and y?
1
Let c = 56 - -8. Suppose 4*m + c = 20*m. Calculate the greatest common divisor of m and 60.
4
Suppose 3*u - 693 - 308 = 5*j, 0 = -j + 5. Suppose 4*p - 127 = -3*z + 28, 42 = p + 4*z. Calculate the highest common divisor of p and u.
38
Let w(p) = 9*p**2 + 5*p + 14. Let z be w(-2). Let x = -15 - 12. Let t = x - -43. Calculate the greatest common factor of t and z.
8
Let u be (32/10)/(3 - 28/10). Suppose 0*c + 3*a + 9 = -3*c, 0 = -5*a - 5. Let x be (2 - (3 + c)) + 7. What is the greatest common factor of x and u?
8
Let i(f) = -f**2 + f + 115. Let r be 0/((4 + -10)/2). Let z be i(r). What is the greatest common factor of 23 and z?
23
Let b(g) = g**2 - g + 5. Let x be b(0). Suppose -x*k - 3*n + 8*n = -165, -4*n = k - 18. Let p be 34/3 - (-4)/6. What is the greatest common divisor of k and p?
6
Let c = -78 + 52. Let j be (-3506)/c + 32/208. What is the greatest common divisor of 90 and j?
45
Suppose -2*h - 196 = -0*h. Let n = h - -183. Let f be (119/42)/((-2)/(-12)). What is the highest common divisor of n and f?
17
Let z = -24 + 28. Calculate the greatest common divisor of z and 12.
4
Let h = 473 - 308. Let l = -11 + 16. Suppose -l*q - v = 4*v - 55, 4*v = 2*q - 46. What is the highest common divisor of h and q?
15
Suppose 0 = -l, h - l - 5 = -0. Suppose 257 = 3*a - 5*t, 87 = a - h*t + 2*t. What is the highest common divisor of 21 and a?
21
Let q(t) = 2*t + 20. Let y be (-124)/(-9) + -2 + (-16)/(-72). Let o be q(y). What is the greatest common divisor of 11 and o?
11
Suppose -5*d - 2*y = -0*d - 58, 2 = d - 2*y. Suppose 0 = d*k - 4*k - 1056. What is the greatest common divisor of 22 and k?
22
Let k = -40 - -50. Let c = k + 39. What is the highest common factor of 14 and c?
7
Let s = 1338 + -1300. What is the greatest common divisor of s and 190?
38
Suppose 3*u - 36 = 2*u. Let j = -6606 - -7002. Calculate the greatest common divisor of u and j.
36
Suppose 15*v - 10*v - 45 = 0. Suppose -2*h = -v*h + 147. Calculate the greatest common factor of 147 and h.
21
Let o(k) = -k**3 + 10*k**2 + 4*k - 3. Let g be o(10). Let w(c) = -4*c**3 + 2*c**2 + c - 1. Let y be w(-2). Calculate the greatest common factor of y and g.
37
Let b(o) = o**3 - 10*o**2 - 26*o + 22. Let n be b(22). What is the highest common factor of n and 22?
22
Let u = 933 + -829. What is the highest common divisor of 494 and u?
26
Let n be (-3 + 0 - -57)/((-4)/8). Let p be n/(-11) + 36/198. What is the greatest common divisor of 5 and p?
5
Suppose -4*f = 4*g + 60, 3*f + 85 = -f + g. Suppose 5*d + 21 = 3*p, 2*d + 27 = -7*p + 2*p. Let h = d - f. Calculate the highest common divisor of h and 112.
14
Suppose -16*n + 2914 + 926 = 0. What is the highest common divisor of n and 30?
30
Let v(t) = 2*t**2 - 4*t + 1. Let s = -3 - -6. Let r be v(s). Suppose -2*i + 44 = 4*j, -2*j + r*j = -4*i + 61. What is the greatest common divisor of 1 and j?
1
Let u be (18/21)/(3/105). Let m = -155 - -161. Calculate the highest common factor of m and u.
6
Let z = -405 - -594. Suppose z = 3*n - 2*n. What is the highest common factor of n and 27?
27
Let n = 163 + -139. Calculate the highest common factor of n and 72.
24
Let g(k) = 48*k + 266. Let b be g(-5). What is the greatest common factor of b and 1066?
26
Suppose -2*p + 7 = -15. Let i(f) = f**2 + 22*f + 79. Let m be i(-23). Suppose -m = -3*t + 30. Calculate the highest common factor of p and t.
11
Let q = -11 + 18. Let d(n) = 2*n**2 - 5*n + 5. Let c be d(2). Suppose -k + 2*y = -16, -3*k + k = c*y - 25. What is the highest common divisor of k and q?
7
Suppose 185 = 2*y - y. Suppose 5*b - 4*k + k = y, 5*b - 5*k - 195 = 0. What is the highest common factor of b and 85?
17
Suppose 24*p = 27*p - 36. What is the greatest common factor of 1392 and p?
12
Suppose 56*r = 14*r + 84. Calculate the highest common divisor of r and 200.
2
Let n(o) = o**2 + 2*o - 3. Let a be n(-4). Suppose a = 2*q + 3. Let s be q/(3/426) - -2. What is the highest common divisor of 18 and s?
18
Suppose -7 = -3*n + x, 3*x = -0*x + 15. Suppose 0 = n*r + 35 - 255. What is the greatest common factor of 22 and r?
11
Suppose 15*w - 10*w - 2*g = 56, -4*w + 44 = -2*g. What is the highest common divisor of w and 316?
4
Let h(v) = -v**3 - 8*v**2 + 1. Let f be h(-8). Calculate the greatest common factor of f and 6.
1
Let d(z) = z**2 + 6*z - 5. Let p be d(-7). Suppose 0 = -p*a, -3*h + 8*h = -2*a + 720. Calculate the highest common divisor of 18 and h.
18
Let s = -7 - -28. Let c = 786 + -681. Calculate the highest common factor of c and s.
21
Let g be (-36)/(-24)*((-4)/3 + 2). Let u be (-3)/((-1 - 1) + 1/g). What is the greatest common divisor of 3 and u?
3
Suppose -4*o + 2*o = -4*w + 26, 5*w = 5*o + 40. Calculate the greatest common factor of 415 and w.
5
Let x be (-720)/420*(-63)/2. What is the greatest common factor of x and 162?
54
Suppose 11*g - 1025 = 262. What is the highest common factor of g and 27?
9
Let q be 12 - 44*(-8)/(-32). Let l be (24/(-10))/(6/(-20)). What is the greatest common divisor of q and l?
1
Let a be (-1 + 3)*(-357)/(-42). Let f = 20 - a. Calculate the greatest common factor of f and 3.
3
Let a = 33 - -637. Let v = a - 449. What